inder when i is divided by 35?
32
Let m(n) = -10*n + 78. What is the remainder when 233 is divided by m(3)?
41
Let a be (-2 + 0)*14/4. Let o = 10 - a. Let b(r) = -12*r - 5. Calculate the remainder when b(-6) is divided by o.
16
Let z = -183 - -206. What is the remainder when z is divided by 18?
5
Let q(u) = 13*u - 7. Suppose 3*h = 2*v + 2*v + 51, 0 = 4*h + 5*v - 68. What is the remainder when q(3) is divided by h?
15
Suppose 5*w - 2*w = 9. Suppose w*i + 448 = 5*m - 0*i, m = 4*i + 76. Suppose -3*f = -25 - m. What is the remainder when f is divided by 14?
11
Let u = -2 - -14. Let o(j) = -7*j + 84. What is the remainder when o(9) is divided by u?
9
Suppose -172 = -4*z - 48*t + 53*t, z = 3*t + 43. Calculate the remainder when z is divided by (-12)/(-10)*5*4.
19
Let a(q) = -q**3 - 5*q**2 - 16*q - 4. What is the remainder when a(-6) is divided by 35?
23
Suppose 5*s + 1511 = 4*d, -5*d - 503 = -s - 2418. Calculate the remainder when d is divided by 18.
6
What is the remainder when (-9)/(-24) + 14310/240 is divided by 21?
18
Let m = 2501 - 1777. Calculate the remainder when m is divided by 25.
24
Let k(x) = 56*x**2 + 36*x - 30. Let j(g) = -11*g**2 - 7*g + 6. Let f(b) = -16*j(b) - 3*k(b). Calculate the remainder when 6 is divided by f(1).
0
Suppose -26 = 3*n - b - 121, b + 29 = n. Calculate the remainder when 287 is divided by n.
23
What is the remainder when 122 is divided by (-3781)/(-171) - (38/18 - 2)?
12
Let p = 1759 + -673. What is the remainder when p is divided by 99?
96
Suppose -4*v + 190 = 5*n + v, 28 = n + 3*v. Let y = 56 + -40. What is the remainder when n is divided by y?
11
Let y be (315 - (-4 + 0)) + -3. Suppose 0 = -36*s + 32*s + y. Calculate the remainder when s is divided by 40.
39
Let l be (1 - 0)/1*-1. Suppose 6*h + 20*h - 494 = 0. Calculate the remainder when h is divided by (-2)/l + (8 - 0).
9
Suppose 5 = 3*t - 10. Let x(z) = 14*z + 5. What is the remainder when x(t) is divided by (-38)/4*-3 - 10/4?
23
Let o = -9 - -26. What is the remainder when 24 is divided by o?
7
Let n = -896 - -916. What is the remainder when 139 is divided by n?
19
Let z = 1 + 7. What is the remainder when (13/26)/(2*(-4)/(-368)) is divided by z?
7
Let u(d) = 3*d - 10. Let z be u(7). Suppose -4*h - 15 = -n, n - 2*h - z = -4. Let m = n + 6. Calculate the remainder when 13 is divided by m.
3
Let w(b) = -23*b + 5. Let h(r) = -576*r + 126. Suppose -4*p - 10 = -2*p. Let x(l) = p*h(l) + 126*w(l). Calculate the remainder when x(-3) is divided by 14.
12
Let w be (0 + -1)/((-1)/3). Suppose 2*g + w*l - 56 = 81, -4*g - 4*l + 280 = 0. What is the remainder when g is divided by 20?
13
Let s = -22 + 15. What is the remainder when (-136)/(-28) - 1/s is divided by 3?
2
Let u(s) = -s**2 + s - 1. Let i(o) = o**3 - 12*o**2 + 11*o - 8. Let t(n) = -i(n) + u(n). Calculate the remainder when 33 is divided by t(10).
5
Calculate the remainder when 310 is divided by (13 + -1 + -2)/((-4)/(-18)).
40
Let p = -34 + 26. What is the remainder when 21 is divided by (104/(-28))/(p/28)?
8
Suppose -686*q = -687*q + 58. Calculate the remainder when q is divided by 16.
10
Suppose -19 - 1 = -r. Let n = r + -16. Let s(g) = 8*g - 3. What is the remainder when 114 is divided by s(n)?
27
Suppose 5*j + q = 26, 1 = -0*q + q. Suppose j*a - 2*t = 157, a + t + t = 41. What is the remainder when a is divided by 1*(15 - (-4 - -1))?
15
Let m(l) = 31*l**3 - 16*l**2 + 13*l + 2. What is the remainder when 170 is divided by m(1)?
20
Let h(q) be the second derivative of 0 + 5*q + 7/2*q**2 - 7/6*q**3 - 1/6*q**4 + 1/20*q**5. What is the remainder when h(5) is divided by 12?
11
Let y(d) = -d**3 - 10*d**2 - 3*d - 17. Calculate the remainder when 154 is divided by y(-10).
11
Calculate the remainder when 185 - 2 - (10 - 6)*-1 is divided by 38.
35
Suppose -18*j - 16 = -20*j. Suppose 5 + 4 = 3*u. Suppose -4*f = 3*v - 69, -v - 65 = -u*f - 23. What is the remainder when f is divided by j?
7
Let j = 36 + -23. Let m = 109 + -73. Calculate the remainder when m is divided by j.
10
Let p = -41 - -70. Let g = 46 + 8. Calculate the remainder when g is divided by p.
25
Suppose -2*h + 15 - 5 = 0. Let z = 17 - -16. Calculate the remainder when z is divided by h.
3
Let c be (-1)/(-2) + ((-14399)/(-14))/(-11). Let s(t) = 3*t**3 + t**2 + 4*t - 3. What is the remainder when 3 - (c - (-4)/2) - -2 is divided by s(2)?
30
What is the remainder when 68 is divided by 14/(-4)*((-70)/5 - -6)?
12
Suppose 0*f + 5*f - 90 = 0. Calculate the remainder when f is divided by 26/13*10/4.
3
Suppose 0 = 4*m - 1 - 7. Suppose 0 = m*z - 4*z. Suppose -3*l + 104 = g + 2*l, z = -3*g + 4*l + 255. Calculate the remainder when g is divided by 23.
20
Suppose 90*r = 80*r + 470. Calculate the remainder when 88 is divided by r.
41
Suppose 4*v - 4*l + 7*l - 812 = 0, -2*v + 406 = 3*l. Calculate the remainder when v is divided by 34.
33
Suppose 3738*g = 3746*g - 5376. What is the remainder when g is divided by 25?
22
Let s(n) = n**3 - 9*n**2 + 17*n + 3. Suppose -i - 40 = -85. Calculate the remainder when i is divided by s(7).
21
Suppose -u = 4*c - 2, 4*c = -u - 3*u + 44. Suppose 0 = -4*i + 2*i + u. Let x = 47 + -34. What is the remainder when x is divided by i?
6
Suppose -2*r - 30 = 2*l - 6*r, -r = -2. Let d = -8 - l. Suppose -4*b = g - 35, 5*g + d*b - 60 = 81. What is the remainder when g is divided by 15?
12
Suppose 0 = j + y + 3, y = -4*j - 4 + 1. What is the remainder when 41 is divided by 13 - (j/(-3) - 1)?
13
Let y be 15*(3 + -5*(-3)/(-9)). Suppose -2*h - 5*m - 1 = 0, 5 - y = 3*m. What is the remainder when 20 is divided by h?
8
Let s be 1/16*58 - 15/(-40). Suppose s*p - 2*f = 74, 15 - 87 = -4*p + 4*f. Calculate the remainder when 148 is divided by p.
15
Let i(v) be the third derivative of 3/8*v**4 + 0*v - 1/6*v**3 - 1/15*v**5 - 1/120*v**6 - 4*v**2 + 0. Calculate the remainder when i(-7) is divided by 28.
27
Calculate the remainder when ((-7)/2)/((-22)/44) is divided by (-1)/(-4)*-10*-2.
2
Suppose -5*y - u + 10 = 0, -4*u + 2 = y - 0*y. Suppose 2*q + y*p = 56, 0*q - 2*q - 5*p = -59. What is the remainder when 79 is divided by q?
25
Let n = 7 + -8. Let d be (0*(1 + 0))/n. Suppose -4*z - 85 = -9*z + 4*j, d = 3*z - 4*j - 51. What is the remainder when 32 is divided by z?
15
Let x(p) = p**3 + 12*p**2 - 11*p + 33. What is the remainder when 256 is divided by x(-13)?
4
Let r = 39 - 15. Let c(x) = 2*x - 13. Let o be 60/5 + (1 - 4). Calculate the remainder when r is divided by c(o).
4
Let w = 273 - 212. Calculate the remainder when 133 is divided by w.
11
Let l(m) = 19*m + 62. Calculate the remainder when 111 is divided by l(0).
49
Suppose -3278 = -39*m - 353. Calculate the remainder when m is divided by 8.
3
What is the remainder when 1922/11 - (-198)/726 is divided by 30?
25
Let w be 1/(-7) - (-44)/14. What is the remainder when w + (-9)/((-27)/66) is divided by 13?
12
Let z(l) = -2*l + 1. Let h be z(1). Let n(x) = 5*x + 6. Calculate the remainder when 3 is divided by n(h).
0
Suppose -2*q - f + 1012 = 0, 11*q - 13*q + 4*f = -992. Calculate the remainder when q is divided by 34.
28
Let o = -31 + 15. Suppose -38 = -t - 8. Calculate the remainder when t is divided by ((-12)/(-8))/((-3)/o).
6
Suppose -5*p = -69 - 31. Suppose -5*t - p = -100. What is the remainder when 57 is divided by t?
9
Suppose -4*p - 8 = -0, 3*k = -3*p. Suppose 3*s = k*v - 43 - 87, 0 = -3*v - 2*s + 208. Let r(h) = h**3 - h - 1. What is the remainder when v is divided by r(3)?
22
Suppose -2*r + 5 = -5*y, -5*r + y + 1 = -0. Let o(m) = -2*m**2 + m + 5. Calculate the remainder when 24 is divided by o(r).
4
Suppose a = -0*o - 3*o + 87, -3*o - 5*a + 99 = 0. Let v(d) = 112*d**2 + 2*d + 1. What is the remainder when v(-1) is divided by o?
27
Let v(t) = -t**2 - 9*t - 5. Let f = -21 - -16. What is the remainder when (-42)/4*((-32)/12)/1 is divided by v(f)?
13
Let j = 31 + -13. Let z = -15 + j. What is the remainder when 45 is divided by (2/z)/(8/288)?
21
Suppose -2*t + 5*m = 11, -m - 5 = -0. Let j = t - -136. Calculate the remainder when j is divided by 24.
22
Suppose 6*d - 23 - 103 = 0. What is the remainder when 64 is divided by d?
1
Let g(w) = -w**3 + 5*w**2 + 9*w - 8. Let s be g(6). Calculate the remainder when (-438)/(-2 - 1)*5/s is divided by 19.
16
Suppose 3*v - 159 = -5*m, 6*m - 2*m - 3*v - 111 = 0. Su